re the prime factors of 20*((-9)/(-6) + l)?
2, 5
Suppose -25 = -4*g - 9. Suppose -6*h + h + 5 = 3*r, 1 = r + 2*h. Suppose g + r = o. List the prime factors of o.
3
Let n(f) = f**3 - 4*f**2 + f - 1. Suppose 0 = 5*x + 5*a - 30, a + 2*a - 13 = -2*x. What are the prime factors of n(x)?
29
Let x be 2/((2 + -4)/(-4)). Suppose 2*w + 20 = x*w. Let t = 1 + w. What are the prime factors of t?
11
Let j(m) = -m**3 + 3*m**2 + 2*m - 3. Let t be j(2). Let z(c) = -3*c. Let v be z(-1). Suppose t*f - 8 = r, -6*r = -3*f - v*r. What are the prime factors of f?
2
Let u = -104 + 319. What are the prime factors of u?
5, 43
Suppose 0 = -0*d + 2*d. Suppose d = 2*o - 4*o + 6. Suppose -4*p + 57 = -3*c + 8, o*p - 2*c = 36. What are the prime factors of p?
2, 5
Let o be 117 - 3 - (-1 - 1). Suppose -3*k + 5*s + o = 12, 4*s + 68 = 2*k. List the prime factors of k.
2, 19
Suppose 6*b - b = 90. Suppose c = -1 + b. What are the prime factors of c?
17
Let a = -2 - -41. Let n = -21 + a. List the prime factors of n.
2, 3
Let i(j) be the third derivative of -1/3*j**3 - 2*j**2 + 0*j + 0 - 1/12*j**4. What are the prime factors of i(-3)?
2
Let s(q) = -17*q - 61. What are the prime factors of s(-19)?
2, 131
Let p = 3 - 1. Let w be -5 + (-4)/p - 2. Let o = w - -13. List the prime factors of o.
2
Let d be ((-12)/(-42))/((-1)/7). Let j(p) = -p**3 + 2*p**2 - 2. What are the prime factors of j(d)?
2, 7
Suppose 3*l - 10 = 5*u, -2 = 4*l + l + u. Suppose l*n - 4*t + 20 = -2*n, -4*t = -4*n - 32. List the prime factors of (-2 + -2)*n/4.
2, 3
What are the prime factors of 5288/64 + 6/16?
83
Suppose -3*f = -5*i - 10, 20 = 5*i + 2*f + f. Suppose i + 9 = 2*u. List the prime factors of u.
5
Let d(n) = n**3 + 12*n**2 - 16*n + 4. List the prime factors of d(-13).
43
Let m(z) = 4*z**3 + 3*z**2 + 4*z + 3. Let s be m(-2). Let h(w) = -w**2 + w + 2. Let a be h(-2). Let r = a - s. What are the prime factors of r?
3, 7
Let x(f) = 2*f - 5. Let r be x(7). Suppose -o + 4*p = -17, r*p = 4*p - 5. What are the prime factors of o?
13
Let d(u) = -u. Let g(o) = 2*o - 2. Let j(w) = -5*d(w) - g(w). What are the prime factors of j(3)?
11
Let i = 37 - 32. List the prime factors of i.
5
Suppose 0 = -2*m + 4*r - 6*r + 20, m = 4*r + 10. Suppose -5*a + m + 0 = 0. List the prime factors of 0 + (1 - a) + 7.
2, 3
Let u = -36 - -60. Let n = u - 17. What are the prime factors of n?
7
Let c(j) = -j**2 + 26*j - 15. What are the prime factors of c(20)?
3, 5, 7
Suppose -4*o - 352 = -5*q - 2*o, o = -4*q + 279. Suppose -2*f - 3*b = -28, q = -2*f + 7*f - 4*b. List the prime factors of f.
2, 7
Let l(h) = -h**2 - 10*h - 1. Let o be l(-9). Suppose j + o = -j. Let y = 12 + j. List the prime factors of y.
2
Suppose 0*n + n = 0. Suppose d + 3*d = -p + 85, n = -3*p - 9. List the prime factors of d.
2, 11
Let l(o) be the third derivative of -o**6/120 - o**5/30 + o**4/24 - 2*o**3/3 - 2*o**2. Let j be l(-3). What are the prime factors of (0 - -9)/(3/j)?
2, 3
Suppose 3*g = -5*d + 183 + 315, 0 = -d + g + 106. What are the prime factors of d?
2, 3, 17
Let y(c) = -4*c**3 - c**2 + 6*c + 4. What are the prime factors of y(-3)?
5, 17
Let s(b) = b**3 - 6*b**2 - 6*b + 4. Let t be -1*(-2 - (-3 + 6)). Suppose -u + 35 = 5*p - t*u, 3*u + 14 = 2*p. List the prime factors of s(p).
11
Let o(f) = -2*f**3 - f**2 + 4. Let m be o(-3). Suppose -4*d + m = -39. List the prime factors of d.
2, 11
Let u(j) = -j**2 + 5*j + 6. Let z be u(5). Let d(p) = -p + 1. Let s be d(-1). Let q = z - s. What are the prime factors of q?
2
Let z = -3 + -1. Let r = z - -8. Suppose -2*t - 5*y + r = -3*y, 0 = -t - 3*y. List the prime factors of t.
3
Suppose -143 = -3*o + 2*m + 177, -5*o = 5*m - 550. What are the prime factors of o?
2, 3
Let v(w) = w + 21. Let j(q) = q + 7. Let r be j(0). Let f(h) = -10. Let t(p) = r*f(p) + 3*v(p). What are the prime factors of t(5)?
2
Let y be 1/1*(66 + 2). Suppose y = 5*c - 97. Let b = -16 + c. List the prime factors of b.
17
Suppose z + 3*a - 104 = -0*a, -5*a - 365 = -4*z. List the prime factors of z.
5, 19
Suppose b + 12 = -3*b. Let c be ((b - -16) + -3)*-1. Let o(s) = s + 23. What are the prime factors of o(c)?
13
List the prime factors of (-4 - -3)*-214 - (-18)/9.
2, 3
Suppose 0 = -2*j + 9 + 43. List the prime factors of j.
2, 13
Let m(p) = -p**2 - 11*p - 7. Let w(s) = s**2 - 7*s - 8. Let u be w(7). What are the prime factors of m(u)?
17
Suppose u - 3*m = 3, -6*m = -3*u - 3*m + 39. List the prime factors of u.
2, 3
Suppose -10 = -4*f - f. Suppose -f*k + 48 = 2*k. What are the prime factors of k?
2, 3
Suppose 8*f - 4*f = 656. What are the prime factors of f?
2, 41
Let f be (-1)/2 - (-171)/(-6). Let c = -13 - f. Suppose 0 = -3*y + y + c. List the prime factors of y.
2
Let u(m) be the third derivative of m**6/120 - m**5/10 + m**4/3 - 7*m**3/6 - 2*m**2. What are the prime factors of u(5)?
2
Suppose p - 3*h = 3*p - 55, 4*h + 108 = 3*p. List the prime factors of p.
2
Suppose 2*n = 55 + 259. What are the prime factors of n?
157
Let l = -8 - -11. Suppose -93 = -3*i - l*d, 93 = 3*i - 2*d + 4*d. What are the prime factors of i?
31
Suppose 4*y - 17 = 123. List the prime factors of y.
5, 7
Let d be ((-3)/(-6))/(4/(-8)). Let l(p) = 12*p**2 - 1. List the prime factors of l(d).
11
Suppose 42 = -5*l + 2. Let k be (12/l)/((-2)/(-8)). What are the prime factors of (-62)/(-6) + (-4)/k?
11
Let f(n) = 5*n - 1. Suppose -3*i = -4*m + 14, 4*i = -m - 3*m. Let d be (-18)/(-8) + m/(-8). What are the prime factors of f(d)?
3
Suppose 0*n - 105 = -5*n. What are the prime factors of n?
3, 7
Let z(f) = 2*f**3 - 35*f**2 + 19*f - 20. List the prime factors of z(17).
2, 7
Suppose 13 = -5*d - 3*g, 0*g + 1 = -g. Let i = 8 + d. List the prime factors of i.
2, 3
Let s(f) = -f**2 - 7*f - 3. Let n be s(-6). Suppose -n*t - 36 = 4*c - 3, 6 = c - 4*t. Let h(q) = q**3 + 7*q**2 + 5*q - 4. What are the prime factors of h(c)?
2
Let j(v) = v**3 + 8*v**2 - 8*v + 4. Let t be j(-7). Suppose -3*p + t = 2*p - 4*k, -101 = -5*p - 4*k. What are the prime factors of p?
3, 7
List the prime factors of (-28)/(3 - 5) - -3.
17
Suppose -5*f + 95 = 5*i, -4*i = 5*f - 36 - 62. List the prime factors of f.
2, 11
What are the prime factors of 243/4 + 7/28?
61
List the prime factors of (8/(1 + -5) + 19)*1.
17
Suppose 330 = 11*y - 6*y. What are the prime factors of y?
2, 3, 11
Let b be (2 + -1)*(2 + 43). Suppose -2*s + 20 = 6. Suppose b = 4*d - 3*g, -s*d + 2*g = -3*d - 42. List the prime factors of d.
3
Let k = 2 + 60. Suppose -5*b + 0 + 57 = 4*f, -3*b - k = -5*f. What are the prime factors of f?
13
Let n(x) = x**2 - x - 1 - x**2 + 3*x**2 + 0*x**2. What are the prime factors of n(-1)?
3
Let n be 1*-2*(-3)/6. Suppose -y + 5 = n. What are the prime factors of y?
2
Let n = 0 - 0. Suppose 2*t = 48 - n. Suppose j - t = -j. What are the prime factors of j?
2, 3
Suppose 0 = -3*i - 5*z + 176, -4*z = 4*i + 42 - 282. List the prime factors of i.
2, 31
Suppose -4*h + 4*y = 0, 4*h - 1 = 2*h + y. Suppose 0 = 5*v - h - 29. List the prime factors of v.
2, 3
Let v(y) = -2*y - 8. Let p be v(-6). Suppose 3*k + 6 = p*k. What are the prime factors of k?
2, 3
Let t be (21/(-4))/(6/(-24)). What are the prime factors of (-1 + t)*3/5?
2, 3
Suppose 0 = -3*g - 21 - 0. Let q(d) = -d + 4. List the prime factors of q(g).
11
Let i(b) = -b**2 - 4*b - 2. Let q be i(-3). Let l be -2*(q + 21/(-6)). Suppose l + 7 = 4*o. What are the prime factors of o?
3
Suppose 0 = -0*p + 4*p - 4. Let z be p + (5 - -2) + -2. Let c(n) = -n**3 + 5*n**2 + 8*n - 9. List the prime factors of c(z).
3
Let h(v) = v + 10. Let i be h(-8). Suppose 4*r + 3*p - 8 = 0, -r - 5 = -4*r - i*p. What are the prime factors of (3/(-6))/(r/4)?
2
Let i be 2/(-8) + 135/(-4). Let g = -13 - i. Let p = g - 15. What are the prime factors of p?
2, 3
Let u be (-1 - (-2)/6)*-3. Suppose u*x - 13 = -0*x - 5*z, -z - 19 = -5*x. Let t = x + 1. What are the prime factors of t?
5
Suppose -5*c - 21 = -461. Let g = -52 + c. List the prime factors of g.
2, 3
Suppose 3*d - 5*d + 40 = 0. Suppose -4*p + 4*h = -d, 18 = 4*p - 3*h - 0*h. Suppose p*o - b - 6 = 14, -5*o - 3*b + 10 = 0. List the prime factors of o.
5
Suppose -5*p - 3*t + 137 = 0, 5*p - 4*t = 83 + 61. List the prime factors of p.
2, 7
Let w(g) = -g**3 - 11*g**2 - 12*g - 1. List the prime factors of w(-10).
19
Suppose 0 = 4*k - 8, 3*m = 4*m + 4*k - 8. S